(s) = s**2 + 5*s - 3. Let v be g(-6). Suppose 3*m - 80 = -q, -v*m + 4*q = -37 - 33. What is the remainder when 102 is divided by m?
24
Let m = -9 + 9. Suppose 13 = j - m*j. Calculate the remainder when 50 is divided by j.
11
Suppose -s = 3*s - 3*z - 23, -5*s + 4*z + 30 = 0. Suppose 0 = b - s*b + 20. Calculate the remainder when b is divided by 6.
2
Let a(x) = 7*x**2 + x + 1. Calculate the remainder when 12 is divided by a(-1).
5
What is the remainder when (1 - 4)/((-3)/29) is divided by 11?
7
Let t be (1/2 - 0)*-2. What is the remainder when 23 is divided by (-4 - 0)*(-3 - t)?
7
Let y(k) = -16 - 3*k**2 - 10*k + 13*k**2 - 4*k + k**3. Let r be 4/(-18) - (-291)/(-27). Calculate the remainder when 49 is divided by y(r).
15
Calculate the remainder when (11/(-22))/(1/(-346)) is divided by 44.
41
Suppose r + 5 - 8 = 0. Calculate the remainder when 6 is divided by r.
0
Suppose 5*g - 1124 - 636 = 0. Suppose -k = -l - 85, 2*k = -2*k - 2*l + g. What is the remainder when k is divided by 22?
21
Suppose 4*x = -0*x + 68. Let t(j) = j**3 + 8*j**2 + 5*j - 2. Calculate the remainder when t(-5) is divided by x.
14
Let o = 2 - -11. Let a = 30 + o. Let s(r) = 8*r - 1. Calculate the remainder when a is divided by s(2).
13
Suppose 5*v - t - 169 - 8 = 0, 2*t - 101 = -3*v. What is the remainder when v is divided by 19?
16
Let v(b) = b**3 - 7*b**2 + 2*b - 1. Let w be (28/(-6))/(2/(-3)). What is the remainder when 23 is divided by v(w)?
10
Let s(a) = a**2 + 4*a - 8. Let h be s(-6). Suppose -13 = h*j + 7, -5*j = -5*u + 80. Calculate the remainder when u is divided by 4.
3
Let o = 55 - 48. What is the remainder when 48 is divided by o?
6
Let d(l) = -l**3 + l**2 + 3*l + 2. What is the remainder when d(-3) is divided by 8?
5
Let r(g) = -5*g + 1. Suppose 12*p + 2*p - 112 = 0. Calculate the remainder when r(-6) is divided by p.
7
Let g(w) = -7*w**3 - 10*w**2 - 5. Let i(y) = 3*y**3 + 5*y**2 + 3. Let l(n) = 2*g(n) + 5*i(n). What is the remainder when 82 is divided by l(-4)?
19
Let i = 4 - -21. Suppose -7*j + 3*j = -28. Calculate the remainder when i is divided by j.
4
Let t be 2 - (1 - -1 - 6). Let j be (-9)/(-18) + (-2)/(-4). What is the remainder when t + (-1)/j + 1 is divided by 4?
2
Let o = 9 - -2. Let i(f) = 3*f + 8. Calculate the remainder when i(8) is divided by o.
10
What is the remainder when 118 is divided by (-2)/(-2)*2 - (-10 - 8)?
18
Let y = 15 + -6. Let q = y + 2. Let g = 6 - -25. Calculate the remainder when g is divided by q.
9
Let a be -285 - (-2)/(-4)*-2. What is the remainder when a/(-6) + 1/(-3) is divided by 16?
15
Let w = 7 - 2. What is the remainder when 12 is divided by w?
2
Suppose 5*m - 20 = -2*p, 0 = 5*p + 5*m - 89 + 24. Suppose -5*b + 3 + 17 = 0. What is the remainder when p is divided by b?
3
Let s(h) = -4*h**2. Let k be s(2). Let r = 30 + k. What is the remainder when 53 is divided by r?
11
Suppose 56*a - 18 = 54*a. Let h(o) = -12*o - 1. What is the remainder when h(-3) is divided by a?
8
Let n(v) = v + 4. Suppose 20 = 2*f + 2*f. Suppose w + u = -5, -u + 5 = f*w + 10. What is the remainder when 6 is divided by n(w)?
2
Let j(p) = 3*p - 3. Let s be j(3). Let z = -3 + s. Suppose -4*g + 9 = -z. What is the remainder when 7 is divided by g?
1
Calculate the remainder when 61 is divided by (-3)/((-102)/93 + 1).
30
Suppose 4*h + 7 = 23. What is the remainder when 15 is divided by h?
3
Let u(m) be the third derivative of -7*m**4/12 - m**3/3 + 2*m**2. What is the remainder when u(-1) is divided by 7?
5
Calculate the remainder when (-270)/(-6) + (-1 - -1) is divided by 12.
9
Suppose -7 = -2*c + 3*u, -3*c - 4*u + 3 = -u. What is the remainder when 5 is divided by c?
1
Let a = 12 - 16. Let j = 1 - a. Calculate the remainder when 8 is divided by j.
3
Suppose 7*i - 3*i + 24 = 0. Calculate the remainder when 3/6 + 81/2 is divided by 1/(-6) - 85/i.
13
Suppose 0 = -4*f + 482 - 18. Calculate the remainder when f is divided by 40.
36
Let q(u) = u**3 + 7*u**2 - 2*u - 6. Calculate the remainder when q(-7) is divided by 2.
0
Suppose 3*c = 37 + 23. What is the remainder when 98 is divided by c?
18
Suppose -z + 3*n = -3, n + 4*n - 50 = -2*z. What is the remainder when z is divided by 4?
3
Let x(n) = -2*n + 1. Let v(t) = -t**3 + 5*t**2 - 3*t - 1. What is the remainder when x(-5) is divided by v(4)?
2
Let o be -1 + (-3)/(-3) - 0. Suppose o*j = -j + 2. Calculate the remainder when ((-5)/15)/(j/(-138)) is divided by 8.
7
Suppose 4*y + 42 = 5*b, b - 6*y + y = 21. Suppose -b*v + 3*v = 3*m - 120, -96 = -3*m + 5*v. Calculate the remainder when m is divided by 13.
11
Let i = -239 + 415. What is the remainder when i is divided by 60?
56
Suppose -6*d = -d - 20. Suppose 184 = -3*p - p - 4*u, -5*p - 185 = -d*u. Let n = 57 + p. What is the remainder when n is divided by 6?
4
Let q(y) = -19*y - 2. What is the remainder when q(-1) is divided by 7?
3
Let b be 2/(-5) - (-77)/5. Suppose o = -0*o + b. What is the remainder when 170/6 + 2/(-6) is divided by o?
13
Let l be ((-18)/15)/(2/(-60)). Let j = -26 + l. What is the remainder when 18 is divided by j?
8
Suppose 2*n + 4*z - 12 = 0, 4*n + 2 + 14 = 2*z. What is the remainder when -17*n/2*2 is divided by 12?
10
Let j be 2 - 1*(1 - 1). Let z(h) = -3*h**j - h**3 + 0 + 0*h - 3*h - 4. Calculate the remainder when z(-3) is divided by 3.
2
Suppose 0*c - 3*c = 3, 4*i - 4*c - 368 = 0. What is the remainder when i is divided by 23?
22
Let v(k) = 3*k. Let x be v(2). Let h = x - 16. Let s = h + 38. What is the remainder when 54 is divided by s?
26
Suppose b + 5*o + 9 = 0, -b - 10 = -3*b + 4*o. Calculate the remainder when 3 is divided by b.
0
Suppose 0*u = 2*u + 4. Let d(f) = -5*f**3 - f**2 + 2. Calculate the remainder when d(-2) is divided by u/(-5) - 63/(-5).
12
Let c = -24 + 62. What is the remainder when 149 is divided by c?
35
What is the remainder when 141 is divided by ((-6)/8)/((-14)/336)?
15
Suppose 5*w - 8 = w. Let g(u) = 454 + 4*u - 456 - 2*u. What is the remainder when 7 is divided by g(w)?
1
Suppose -2*f - 2 - 10 = 0. Let v = -10 - -24. Calculate the remainder when 326/6 - f/9 is divided by v.
13
Let s = -12 + 28. What is the remainder when 60 is divided by s?
12
Suppose -67 = -4*w + g, 5*w + 9*g - 83 = 11*g. Calculate the remainder when w is divided by 11.
6
Suppose -81 + 489 = 8*w. Calculate the remainder when w is divided by 18.
15
Let g = 47 + -33. What is the remainder when 23 is divided by g?
9
Calculate the remainder when 9 is divided by ((-4)/2 + -7)*(-2)/6.
0
Let h(o) = 2*o**2 + 4*o - 7. Let p be h(-5). Let i = 66 - p. What is the remainder when i is divided by 11?
10
Let r(i) = -i + 1. Calculate the remainder when 16 is divided by r(-5).
4
Suppose q - 46 = -q. What is the remainder when q is divided by 8?
7
Suppose -w + 5*s + 46 = 0, 2*s + 302 = 5*w + s. Suppose u = 14 + 2. Calculate the remainder when w is divided by u.
13
Suppose 5*b - k - 35 = -0*k, 4*b + 4*k = 52. Calculate the remainder when 23 is divided by b.
7
Let b = 8 - -5. Calculate the remainder when 38 is divided by b.
12
Let o be 1*1/((-3)/(-9)). Suppose -o*r - 12 = -7*r. What is the remainder when 9 is divided by r?
0
Suppose 4*z - 3*h + 31 = 87, z = -5*h - 9. Calculate the remainder when 17 - 1/(-1)*2 is divided by z.
8
Let g(j) = -j**3 - j**2 - j - 4. Suppose -i - d = 5 + 17, -2*d = -5*i - 124. What is the remainder when g(-3) is divided by i/(-9)*18/8?
5
Let k = 4 - 3. Let y = 1 + k. Suppose y*m - 26 - 20 = 0. What is the remainder when m is divided by 8?
7
Suppose -11 = o + 6. Let z = 3 - o. What is the remainder when (2/4)/(1/76) is divided by z?
18
Suppose 3*m - 195 = -2*m - 5*u, u + 161 = 4*m. Suppose -2*h - 3*h = -m. Calculate the remainder when 7 is divided by 3/2 - (-20)/h.
3
Suppose -r = 9 - 25. Calculate the remainder when 62 is divided by r.
14
Let o = -34 + 65. Calculate the remainder when 39 is divided by o.
8
Let l(a) = 7*a**2 - 1. Suppose -2*r - 3 = -7. Suppose -r = i + i. Calculate the remainder when 17 is divided by l(i).
5
Let g be (-23)/(-7) + 12/(-42). Suppose -2*j + 167 = g. Let k = -16 - -37. What is the remainder when j is divided by k?
19
Let z = -4 + 17. Let f = -32 - -70. What is the remainder when f is divided by z?
12
Calculate the remainder when 52 is divided by 14/105 + (-208)/(-15).
10
Let k(p) = 18*p + 2. Let i be k(2). Let s 